{"id":6436,"date":"2024-11-10T01:25:45","date_gmt":"2024-11-10T01:25:45","guid":{"rendered":"https:\/\/lancaracuba.org\/asociacion\/"},"modified":"2025-02-01T23:09:32","modified_gmt":"2025-02-01T23:09:32","slug":"asociacion","status":"publish","type":"page","link":"https:\/\/lancaracuba.org\/en\/asociacion\/","title":{"rendered":"The Association"},"content":{"rendered":"<p>L\u00e1ncara is a small municipality in the province of Lugo, a rural area with a population of less than 2500 inhabitants. It is known for its beautiful landscapes, tranquillity, Camino de Santiago and a small house where \u00c1ngel Castro Argiz was born in 1875, a Galician who emigrated to Cuba, where he planted trees that still flourish today. Father of Fidel and Ra\u00fal, two figures who have left their mark on world history.<\/p>\n<h2>How it all began<\/h2>\n<p>In July 1992, Commander Fidel Castro Ruz landed in Galicia, invited to Spain with a busy agenda: the Universal Exhibition in Seville and the Barcelona Olympics, among other events, but he had the clear idea of getting to know his origins, the house where his father was born and raised. There were so many stories that his father had told him about the humble life in L\u00e1ncara, a peasant in a house without electricity or drinking water where the only heating was generated by the heat of the animals that lived with them. He finally arrived at the house and when he entered he cried with emotion. She said it was a great honour to meet her and to be a descendant of Gallegos. This really made her very happy.<\/p>\n<p>That historic invitation, made by Manuel Fraga, president of the Xunta de Galicia, ended in a pilgrimage, a Galician feast with octopus, queimada and dominoes, which was published in all the national and international media, where two people with such opposite political ideas met with a nexus of union&#8230; the roots, the Galician emigration of the parents of both of them to Cuba.<\/p>\n<h2>Friendship with the peoples<\/h2>\n<p>After this historic event, Fidel was able to experience the affection of Galicia and L\u00e1ncara towards him, one more neighbour, named adopted son of the municipality. This affectionate welcome from L\u00e1ncara also received a response from Fidel. An invitation to Cuba to the entire municipal corporation and its neighbours was accepted, of course, to get to know the wonderful island of Cuba. The delegation from the humble town of L\u00e1ncara was received with unimaginable friendship and affection. In several days on the island the Lancarese delegation got to know the history of Cuba, the Revolution and even Fidel cooked for them.<\/p>\n<h2>Historical ties between L\u00e1ncara and Cuba<\/h2>\n<p>The L\u00e1ncara delegation made 4 trips, always at the invitation of Fidel, where friendship gave way to an almost family bond. A twinning with L\u00e1ncara took place, a maternity hospital was given the beautiful name of \u2018Luz de L\u00e1ncara\u2019 and even the first Galician stew was cooked in Cuba. The mayor of L\u00e1ncara was given the key to the city of Havana. For his part, L\u00e1ncara always showed great solidarity with Cuba by making donations on every trip he made.<\/p>\n<h2>Visit of Ra\u00fal Castro<\/h2>\n<p>In 2005 L\u00e1ncara also received Ra\u00fal Castro to see his father&#8217;s house, it was an unofficial visit and more discreet than that of Fidel. Ra\u00fal also always wanted to visit the house where his father was born, as his older brothers had visited it and he had not. He said: \u2018I am moved by the humility in which my father lived, I would like to spend more time alone in the house&#8230;\u2019.<\/p>\n<p>The concello of L\u00e1ncara has always tried to repair the house and make a museum without success, as the possibility of this museum becoming politicised was not to the liking of \u00c1ngel&#8217;s family.<\/p>\n<p>In 2018 the Council of L\u00e1ncara unanimously approved the naming and awarding of the title of adopted son to Ra\u00fal Castro. For this purpose, a parchment was made with the content of the history of L\u00e1ncara and Cuba, which Ra\u00fal accepted. The distinction was given to Don Eusebio Leal, historian of Havana, on 9 February 2018.<\/p>\n<h2>The association<\/h2>\n<p>On 19 January 2018, the Association of friendship and solidarity of L\u00e1ncara with Cuba \u2018Casa \u00c1ngel Castro\u2019 was constituted, after many trips to Cuba and the establishment of ties of friendship, always thanks to the ICAP.<\/p>\n<p>After much sacrifice and with a pandemic in between, we managed to set a date for the inauguration. It would coincide with the 30th anniversary of Fidel Castro&#8217;s visit to L\u00e1ncara, the 28th of July 2022.<\/p>\n<p>The Association of friendship and solidarity of L\u00e1ncara with Cuba \u2018Casa \u00c1ngel Castro\u2019, officially founded in 2018, has several objectives:<\/p>\n<p>1 &#8211; To bring Cuba and its people closer to Spanish and international culture and vice versa.<\/p>\n<p>2 &#8211; To promote cultural exchange.<\/p>\n<p>3 &#8211; To promote cooperation and development.<\/p>\n<p>However, the Association has been developing for more than thirty years a permanent work of exchange and multilateral cooperation with Cuba.<\/p>\n<p><strong>For International Solidarity<\/strong><\/p>\n<p><strong>With Cuba<\/strong><\/p>\n","protected":false},"excerpt":{"rendered":"<p>L\u00e1ncara is a small municipality in the province of Lugo, a rural area with a population of less than 2500 inhabitants. It is known for its beautiful landscapes, tranquillity, Camino de Santiago and a small house where \u00c1ngel Castro Argiz was born in 1875, a Galician who emigrated to Cuba, where he planted trees that [&#8230;]\n","protected":false},"author":1,"featured_media":0,"parent":0,"menu_order":0,"comment_status":"closed","ping_status":"closed","template":"","meta":{"footnotes":""},"class_list":["post-6436","page","type-page","status-publish","hentry"],"_links":{"self":[{"href":"https:\/\/lancaracuba.org\/en\/wp-json\/wp\/v2\/pages\/6436","targetHints":{"allow":["GET"]}}],"collection":[{"href":"https:\/\/lancaracuba.org\/en\/wp-json\/wp\/v2\/pages"}],"about":[{"href":"https:\/\/lancaracuba.org\/en\/wp-json\/wp\/v2\/types\/page"}],"author":[{"embeddable":true,"href":"https:\/\/lancaracuba.org\/en\/wp-json\/wp\/v2\/users\/1"}],"replies":[{"embeddable":true,"href":"https:\/\/lancaracuba.org\/en\/wp-json\/wp\/v2\/comments?post=6436"}],"version-history":[{"count":2,"href":"https:\/\/lancaracuba.org\/en\/wp-json\/wp\/v2\/pages\/6436\/revisions"}],"predecessor-version":[{"id":6624,"href":"https:\/\/lancaracuba.org\/en\/wp-json\/wp\/v2\/pages\/6436\/revisions\/6624"}],"wp:attachment":[{"href":"https:\/\/lancaracuba.org\/en\/wp-json\/wp\/v2\/media?parent=6436"}],"curies":[{"name":"wp","href":"https:\/\/api.w.org\/{rel}","templated":true}]}}

<p>Láncara is a small municipality in the province of Lugo, a rural area with a population of less than 2500 inhabitants. It is known for its beautiful landscapes, tranquillity, Camino de Santiago and a small house where Ángel Castro Argiz was born in 1875, a Galician who emigrated to Cuba, where he planted trees that still flourish today. Father of Fidel and Raúl, two figures who have left their mark on world history.</p>
<h2>How it all began</h2>
<p>In July 1992, Commander Fidel Castro Ruz landed in Galicia, invited to Spain with a busy agenda: the Universal Exhibition in Seville and the Barcelona Olympics, among other events, but he had the clear idea of getting to know his origins, the house where his father was born and raised. There were so many stories that his father had told him about the humble life in Láncara, a peasant in a house without electricity or drinking water where the only heating was generated by the heat of the animals that lived with them. He finally arrived at the house and when he entered he cried with emotion. She said it was a great honour to meet her and to be a descendant of Gallegos. This really made her very happy.</p>
<p>That historic invitation, made by Manuel Fraga, president of the Xunta de Galicia, ended in a pilgrimage, a Galician feast with octopus, queimada and dominoes, which was published in all the national and international media, where two people with such opposite political ideas met with a nexus of union&#8230; the roots, the Galician emigration of the parents of both of them to Cuba.</p>
<h2>Friendship with the peoples</h2>
<p>After this historic event, Fidel was able to experience the affection of Galicia and Láncara towards him, one more neighbour, named adopted son of the municipality. This affectionate welcome from Láncara also received a response from Fidel. An invitation to Cuba to the entire municipal corporation and its neighbours was accepted, of course, to get to know the wonderful island of Cuba. The delegation from the humble town of Láncara was received with unimaginable friendship and affection. In several days on the island the Lancarese delegation got to know the history of Cuba, the Revolution and even Fidel cooked for them.</p>
<h2>Historical ties between Láncara and Cuba</h2>
<p>The Láncara delegation made 4 trips, always at the invitation of Fidel, where friendship gave way to an almost family bond. A twinning with Láncara took place, a maternity hospital was given the beautiful name of ‘Luz de Láncara’ and even the first Galician stew was cooked in Cuba. The mayor of Láncara was given the key to the city of Havana. For his part, Láncara always showed great solidarity with Cuba by making donations on every trip he made.</p>
<h2>Visit of Raúl Castro</h2>
<p>In 2005 Láncara also received Raúl Castro to see his father&#8217;s house, it was an unofficial visit and more discreet than that of Fidel. Raúl also always wanted to visit the house where his father was born, as his older brothers had visited it and he had not. He said: ‘I am moved by the humility in which my father lived, I would like to spend more time alone in the house&#8230;’.</p>
<p>The concello of Láncara has always tried to repair the house and make a museum without success, as the possibility of this museum becoming politicised was not to the liking of Ángel&#8217;s family.</p>
<p>In 2018 the Council of Láncara unanimously approved the naming and awarding of the title of adopted son to Raúl Castro. For this purpose, a parchment was made with the content of the history of Láncara and Cuba, which Raúl accepted. The distinction was given to Don Eusebio Leal, historian of Havana, on 9 February 2018.</p>
<h2>The association</h2>
<p>On 19 January 2018, the Association of friendship and solidarity of Láncara with Cuba ‘Casa Ángel Castro’ was constituted, after many trips to Cuba and the establishment of ties of friendship, always thanks to the ICAP.</p>
<p>After much sacrifice and with a pandemic in between, we managed to set a date for the inauguration. It would coincide with the 30th anniversary of Fidel Castro&#8217;s visit to Láncara, the 28th of July 2022.</p>
<p>The Association of friendship and solidarity of Láncara with Cuba ‘Casa Ángel Castro’, officially founded in 2018, has several objectives:</p>
<p>1 &#8211; To bring Cuba and its people closer to Spanish and international culture and vice versa.</p>
<p>2 &#8211; To promote cultural exchange.</p>
<p>3 &#8211; To promote cooperation and development.</p>
<p>However, the Association has been developing for more than thirty years a permanent work of exchange and multilateral cooperation with Cuba.</p>
<p><strong>For International Solidarity</strong></p>
<p><strong>With Cuba</strong></p>

<p>Láncara is a small municipality in the province of Lugo, a rural area with a population of less than 2500 inhabitants. It is known for its beautiful landscapes, tranquillity, Camino de Santiago and a small house where Ángel Castro Argiz was born in 1875, a Galician who emigrated to Cuba, where he planted trees that [&#8230;]
